{"id":7836,"date":"2025-07-11T12:25:18","date_gmt":"2025-07-11T10:25:18","guid":{"rendered":"https:\/\/www.kioskstudio.net\/projekti\/zff\/?page_id=7836"},"modified":"2025-07-11T12:32:17","modified_gmt":"2025-07-11T10:32:17","slug":"izjava-o-kolacicima","status":"publish","type":"page","link":"https:\/\/www.kioskstudio.net\/projekti\/zff\/izjava-o-kolacicima\/","title":{"rendered":"Izjava o kola\u010di\u0107ima"},"content":{"rendered":"<div class=\"wpb-content-wrapper\"><p>[vc_row gap=&#8221;35&#8243; css=&#8221;.vc_custom_1581509401102{margin-right: -5% !important;margin-bottom: 70px !important;margin-left: -5% !important;}&#8221;][vc_column][vc_row_inner][vc_column_inner offset=&#8221;vc_hidden-lg vc_hidden-md&#8221;][vc_empty_space height=&#8221;40px&#8221;][\/vc_column_inner][\/vc_row_inner][vc_row_inner css=&#8221;.vc_custom_1581957517763{margin-bottom: 45px !important;}&#8221;][vc_column_inner offset=&#8221;vc_col-lg-2 vc_col-md-2 vc_col-xs-12&#8243;][\/vc_column_inner][vc_column_inner offset=&#8221;vc_col-lg-8 vc_col-md-8 vc_col-xs-12&#8243;][vc_column_text]<\/p>\n<h5><strong>Kola\u010di\u0107i (Cookies), Kako i za\u0161to ih koristimo?<\/strong><\/h5>\n<p>Kola\u010di\u0107i (Cookies) su male tekstualne datoteke koje se pohranjuju na ure\u0111aj (ra\u010dunalo, tablet ili mobilni telefon) dok pretra\u017eujete internet uklju\u010duju\u0107i web-mjesta PLUS i koje sadr\u017ee niz znakova u koje su postavljene otvorene ili kodirane informacije.<\/p>\n<p>Kola\u010di\u0107e server \u0161alje na Va\u0161e ra\u010dunalo i ondje ih pohranjuje. Oni prije svega slu\u017ee za identifikaciju ra\u010dunala s kojeg je otvorena neka internet stranica. Ako se prijavite na neku internet stranicu, kola\u010di\u0107i slu\u017ee kako bi serveru javili prijavu te provjerili prava za otvaranje odre\u0111ene stranice.<\/p>\n<p>Pomo\u0107u kola\u010di\u0107a mo\u017ee se pobolj\u0161ati komunikacija izme\u0111u na\u0161eg servera i Va\u0161eg ra\u010dunala te time olak\u0161ati kori\u0161tenje na\u0161e internet stranice. Kola\u010di\u0107i ne moraju biti samo od vlasnika internet stranice nego i od tre\u0107e strane, npr. dru\u0161tvene mre\u017ee ili ogla\u0161iva\u010dke mre\u017ee.<\/p>\n<p>Putem svog pretra\u017eiva\u010da imate mogu\u0107nost da Vam se prika\u017eu kola\u010di\u0107i s Va\u0161eg ra\u010dunara, da izbri\u0161ete postoje\u0107e kola\u010di\u0107e ili da konfiguraciju podesite tako da se ne pohranjuju svi ili da se uop\u0107e ne pohranjuju kola\u010di\u0107i. Obratite pa\u017enju na to da neke funkcije (kao npr. prijava) ne\u0107e funkcionirati ili ne\u0107e ispravno funkcionirati, ako deaktivirate postavljanje kola\u010di\u0107a.<\/p>\n<p><strong>Koliko traju kola\u010di\u0107i?<\/strong><\/p>\n<p>Svaki kola\u010di\u0107 ima svoj rok . Taj rok mo\u017ee biti u dalekoj u budu\u0107nosti. Zahvaljuju\u0107i kola\u010di\u0107ima mo\u017ee se pratiti put nekog korisnika preko razli\u010ditih dijelova na\u0161e internet stranice te tako\u0111er putem drugih internet stranica.[\/vc_column_text][\/vc_column_inner][vc_column_inner offset=&#8221;vc_col-lg-2 vc_col-md-2 vc_col-xs-12&#8243;][\/vc_column_inner][\/vc_row_inner][\/vc_column][\/vc_row]<\/p>\n<\/div>","protected":false},"excerpt":{"rendered":"<p>[vc_row gap=&#8221;35&#8243; css=&#8221;.vc_custom_1581509401102{margin-right: -5% !important;margin-bottom: 70px !important;margin-left: -5% !important;}&#8221;][vc_column][vc_row_inner][vc_column_inner offset=&#8221;vc_hidden-lg vc_hidden-md&#8221;][vc_empty_space height=&#8221;40px&#8221;][\/vc_column_inner][\/vc_row_inner][vc_row_inner css=&#8221;.vc_custom_1581957517763{margin-bottom: 45px !important;}&#8221;][vc_column_inner offset=&#8221;vc_col-lg-2 vc_col-md-2 vc_col-xs-12&#8243;][\/vc_column_inner][vc_column_inner offset=&#8221;vc_col-lg-8 vc_col-md-8 vc_col-xs-12&#8243;][vc_column_text] Kola\u010di\u0107i (Cookies), Kako i za\u0161to ih koristimo? Kola\u010di\u0107i (Cookies) su male tekstualne datoteke koje se pohranjuju na ure\u0111aj (ra\u010dunalo, tablet ili mobilni telefon) dok pretra\u017eujete internet uklju\u010duju\u0107i&#8230;<\/p>\n","protected":false},"author":1,"featured_media":0,"parent":0,"menu_order":0,"comment_status":"closed","ping_status":"closed","template":"","meta":{"_acf_changed":false,"inline_featured_image":false,"footnotes":""},"class_list":["post-7836","page","type-page","status-publish","hentry"],"acf":[],"yoast_head":"<!-- This site is optimized with the Yoast SEO plugin v25.5 - https:\/\/yoast.com\/wordpress\/plugins\/seo\/ -->\n<title>Izjava o kola\u010di\u0107ima - Zagreb Film Festival<\/title>\n<meta name=\"robots\" content=\"noindex, follow, max-snippet:-1, max-image-preview:large, max-video-preview:-1\" \/>\n<meta property=\"og:locale\" content=\"en_US\" \/>\n<meta property=\"og:type\" content=\"article\" \/>\n<meta property=\"og:title\" content=\"Izjava o kola\u010di\u0107ima - Zagreb Film Festival\" \/>\n<meta property=\"og:description\" content=\"[vc_row gap=&#8221;35&#8243; css=&#8221;.vc_custom_1581509401102{margin-right: -5% !important;margin-bottom: 70px !important;margin-left: -5% !important;}&#8221;][vc_column][vc_row_inner][vc_column_inner offset=&#8221;vc_hidden-lg vc_hidden-md&#8221;][vc_empty_space height=&#8221;40px&#8221;][\/vc_column_inner][\/vc_row_inner][vc_row_inner css=&#8221;.vc_custom_1581957517763{margin-bottom: 45px !important;}&#8221;][vc_column_inner offset=&#8221;vc_col-lg-2 vc_col-md-2 vc_col-xs-12&#8243;][\/vc_column_inner][vc_column_inner offset=&#8221;vc_col-lg-8 vc_col-md-8 vc_col-xs-12&#8243;][vc_column_text] Kola\u010di\u0107i (Cookies), Kako i za\u0161to ih koristimo? Kola\u010di\u0107i (Cookies) su male tekstualne datoteke koje se pohranjuju na ure\u0111aj (ra\u010dunalo, tablet ili mobilni telefon) dok pretra\u017eujete internet uklju\u010duju\u0107i...\" \/>\n<meta property=\"og:url\" content=\"https:\/\/www.kioskstudio.net\/projekti\/zff\/izjava-o-kolacicima\/\" \/>\n<meta property=\"og:site_name\" content=\"Zagreb Film Festival\" \/>\n<meta property=\"article:modified_time\" content=\"2025-07-11T10:32:17+00:00\" \/>\n<meta name=\"twitter:card\" content=\"summary_large_image\" \/>\n<meta name=\"twitter:label1\" content=\"Est. reading time\" \/>\n\t<meta name=\"twitter:data1\" content=\"2 minutes\" \/>\n<script type=\"application\/ld+json\" class=\"yoast-schema-graph\">{\"@context\":\"https:\/\/schema.org\",\"@graph\":[{\"@type\":\"WebPage\",\"@id\":\"https:\/\/www.kioskstudio.net\/projekti\/zff\/izjava-o-kolacicima\/\",\"url\":\"https:\/\/www.kioskstudio.net\/projekti\/zff\/izjava-o-kolacicima\/\",\"name\":\"Izjava o kola\u010di\u0107ima - Zagreb Film Festival\",\"isPartOf\":{\"@id\":\"https:\/\/www.kioskstudio.net\/projekti\/zff\/#website\"},\"datePublished\":\"2025-07-11T10:25:18+00:00\",\"dateModified\":\"2025-07-11T10:32:17+00:00\",\"breadcrumb\":{\"@id\":\"https:\/\/www.kioskstudio.net\/projekti\/zff\/izjava-o-kolacicima\/#breadcrumb\"},\"inLanguage\":\"en-US\",\"potentialAction\":[{\"@type\":\"ReadAction\",\"target\":[\"https:\/\/www.kioskstudio.net\/projekti\/zff\/izjava-o-kolacicima\/\"]}]},{\"@type\":\"BreadcrumbList\",\"@id\":\"https:\/\/www.kioskstudio.net\/projekti\/zff\/izjava-o-kolacicima\/#breadcrumb\",\"itemListElement\":[{\"@type\":\"ListItem\",\"position\":1,\"name\":\"Home\",\"item\":\"https:\/\/www.kioskstudio.net\/projekti\/zff\/\"},{\"@type\":\"ListItem\",\"position\":2,\"name\":\"Izjava o kola\u010di\u0107ima\"}]},{\"@type\":\"WebSite\",\"@id\":\"https:\/\/www.kioskstudio.net\/projekti\/zff\/#website\",\"url\":\"https:\/\/www.kioskstudio.net\/projekti\/zff\/\",\"name\":\"Zagreb Film Festival\",\"description\":\"\",\"potentialAction\":[{\"@type\":\"SearchAction\",\"target\":{\"@type\":\"EntryPoint\",\"urlTemplate\":\"https:\/\/www.kioskstudio.net\/projekti\/zff\/?s={search_term_string}\"},\"query-input\":{\"@type\":\"PropertyValueSpecification\",\"valueRequired\":true,\"valueName\":\"search_term_string\"}}],\"inLanguage\":\"en-US\"}]}<\/script>\n<!-- \/ Yoast SEO plugin. -->","yoast_head_json":{"title":"Izjava o kola\u010di\u0107ima - Zagreb Film Festival","robots":{"index":"noindex","follow":"follow","max-snippet":"max-snippet:-1","max-image-preview":"max-image-preview:large","max-video-preview":"max-video-preview:-1"},"og_locale":"en_US","og_type":"article","og_title":"Izjava o kola\u010di\u0107ima - Zagreb Film Festival","og_description":"[vc_row gap=&#8221;35&#8243; css=&#8221;.vc_custom_1581509401102{margin-right: -5% !important;margin-bottom: 70px !important;margin-left: -5% !important;}&#8221;][vc_column][vc_row_inner][vc_column_inner offset=&#8221;vc_hidden-lg vc_hidden-md&#8221;][vc_empty_space height=&#8221;40px&#8221;][\/vc_column_inner][\/vc_row_inner][vc_row_inner css=&#8221;.vc_custom_1581957517763{margin-bottom: 45px !important;}&#8221;][vc_column_inner offset=&#8221;vc_col-lg-2 vc_col-md-2 vc_col-xs-12&#8243;][\/vc_column_inner][vc_column_inner offset=&#8221;vc_col-lg-8 vc_col-md-8 vc_col-xs-12&#8243;][vc_column_text] Kola\u010di\u0107i (Cookies), Kako i za\u0161to ih koristimo? Kola\u010di\u0107i (Cookies) su male tekstualne datoteke koje se pohranjuju na ure\u0111aj (ra\u010dunalo, tablet ili mobilni telefon) dok pretra\u017eujete internet uklju\u010duju\u0107i...","og_url":"https:\/\/www.kioskstudio.net\/projekti\/zff\/izjava-o-kolacicima\/","og_site_name":"Zagreb Film Festival","article_modified_time":"2025-07-11T10:32:17+00:00","twitter_card":"summary_large_image","twitter_misc":{"Est. reading time":"2 minutes"},"schema":{"@context":"https:\/\/schema.org","@graph":[{"@type":"WebPage","@id":"https:\/\/www.kioskstudio.net\/projekti\/zff\/izjava-o-kolacicima\/","url":"https:\/\/www.kioskstudio.net\/projekti\/zff\/izjava-o-kolacicima\/","name":"Izjava o kola\u010di\u0107ima - Zagreb Film Festival","isPartOf":{"@id":"https:\/\/www.kioskstudio.net\/projekti\/zff\/#website"},"datePublished":"2025-07-11T10:25:18+00:00","dateModified":"2025-07-11T10:32:17+00:00","breadcrumb":{"@id":"https:\/\/www.kioskstudio.net\/projekti\/zff\/izjava-o-kolacicima\/#breadcrumb"},"inLanguage":"en-US","potentialAction":[{"@type":"ReadAction","target":["https:\/\/www.kioskstudio.net\/projekti\/zff\/izjava-o-kolacicima\/"]}]},{"@type":"BreadcrumbList","@id":"https:\/\/www.kioskstudio.net\/projekti\/zff\/izjava-o-kolacicima\/#breadcrumb","itemListElement":[{"@type":"ListItem","position":1,"name":"Home","item":"https:\/\/www.kioskstudio.net\/projekti\/zff\/"},{"@type":"ListItem","position":2,"name":"Izjava o kola\u010di\u0107ima"}]},{"@type":"WebSite","@id":"https:\/\/www.kioskstudio.net\/projekti\/zff\/#website","url":"https:\/\/www.kioskstudio.net\/projekti\/zff\/","name":"Zagreb Film Festival","description":"","potentialAction":[{"@type":"SearchAction","target":{"@type":"EntryPoint","urlTemplate":"https:\/\/www.kioskstudio.net\/projekti\/zff\/?s={search_term_string}"},"query-input":{"@type":"PropertyValueSpecification","valueRequired":true,"valueName":"search_term_string"}}],"inLanguage":"en-US"}]}},"lang":"hr","translations":{"hr":7836,"en":7842},"pll_sync_post":[],"_links":{"self":[{"href":"https:\/\/www.kioskstudio.net\/projekti\/zff\/wp-json\/wp\/v2\/pages\/7836","targetHints":{"allow":["GET"]}}],"collection":[{"href":"https:\/\/www.kioskstudio.net\/projekti\/zff\/wp-json\/wp\/v2\/pages"}],"about":[{"href":"https:\/\/www.kioskstudio.net\/projekti\/zff\/wp-json\/wp\/v2\/types\/page"}],"author":[{"embeddable":true,"href":"https:\/\/www.kioskstudio.net\/projekti\/zff\/wp-json\/wp\/v2\/users\/1"}],"replies":[{"embeddable":true,"href":"https:\/\/www.kioskstudio.net\/projekti\/zff\/wp-json\/wp\/v2\/comments?post=7836"}],"version-history":[{"count":3,"href":"https:\/\/www.kioskstudio.net\/projekti\/zff\/wp-json\/wp\/v2\/pages\/7836\/revisions"}],"predecessor-version":[{"id":7839,"href":"https:\/\/www.kioskstudio.net\/projekti\/zff\/wp-json\/wp\/v2\/pages\/7836\/revisions\/7839"}],"wp:attachment":[{"href":"https:\/\/www.kioskstudio.net\/projekti\/zff\/wp-json\/wp\/v2\/media?parent=7836"}],"curies":[{"name":"wp","href":"https:\/\/api.w.org\/{rel}","templated":true}]}}